{"id":439,"date":"2025-01-19T07:07:01","date_gmt":"2025-01-19T07:07:01","guid":{"rendered":"https:\/\/biboesencias.es\/?page_id=439"},"modified":"2025-01-26T23:05:32","modified_gmt":"2025-01-26T23:05:32","slug":"como-personalizamos","status":"publish","type":"page","link":"https:\/\/biboesencias.es\/index.php\/como-personalizamos\/","title":{"rendered":"Como personalizamos"},"content":{"rendered":"\t\t<div data-elementor-type=\"wp-page\" data-elementor-id=\"439\" class=\"elementor elementor-439\" data-elementor-post-type=\"page\">\n\t\t\t\t\t\t<section class=\"elementor-section elementor-top-section elementor-element elementor-element-1d41f26e elementor-section-boxed elementor-section-height-default elementor-section-height-default\" data-id=\"1d41f26e\" data-element_type=\"section\" data-e-type=\"section\" data-settings=\"{&quot;background_background&quot;:&quot;classic&quot;}\">\n\t\t\t\t\t\t<div class=\"elementor-container elementor-column-gap-default\">\n\t\t\t\t\t<div class=\"elementor-column elementor-col-100 elementor-top-column elementor-element elementor-element-6be445b\" data-id=\"6be445b\" data-element_type=\"column\" data-e-type=\"column\" data-settings=\"{&quot;background_background&quot;:&quot;classic&quot;}\">\n\t\t\t<div class=\"elementor-widget-wrap elementor-element-populated\">\n\t\t\t\t\t\t<div class=\"elementor-element elementor-element-2496b7c elementor-widget elementor-widget-heading\" data-id=\"2496b7c\" data-element_type=\"widget\" data-e-type=\"widget\" data-widget_type=\"heading.default\">\n\t\t\t\t<div class=\"elementor-widget-container\">\n\t\t\t\t\t<h1 class=\"elementor-heading-title elementor-size-default\">como personalizamos<\/h1>\t\t\t\t<\/div>\n\t\t\t\t<\/div>\n\t\t\t\t<div class=\"elementor-element elementor-element-89cb468 elementor-widget elementor-widget-heading\" data-id=\"89cb468\" data-element_type=\"widget\" data-e-type=\"widget\" data-widget_type=\"heading.default\">\n\t\t\t\t<div class=\"elementor-widget-container\">\n\t\t\t\t\t<h3 class=\"elementor-heading-title elementor-size-default\">Descubre como damos vida a vuestros productos<\/h3>\t\t\t\t<\/div>\n\t\t\t\t<\/div>\n\t\t\t\t<div class=\"elementor-element elementor-element-74f1932b elementor-widget elementor-widget-image\" data-id=\"74f1932b\" data-element_type=\"widget\" data-e-type=\"widget\" data-widget_type=\"image.default\">\n\t\t\t\t<div class=\"elementor-widget-container\">\n\t\t\t\t\t\t\t\t\t\t\t\t\t\t\t<img decoding=\"async\" width=\"185\" height=\"14\" src=\"https:\/\/biboesencias.es\/wp-content\/uploads\/2024\/12\/ornament3.png\" class=\"attachment-full size-full wp-image-180\" alt=\"\" \/>\t\t\t\t\t\t\t\t\t\t\t\t\t\t\t<\/div>\n\t\t\t\t<\/div>\n\t\t\t\t<div class=\"elementor-element elementor-element-3726ba0e elementor-widget elementor-widget-text-editor\" data-id=\"3726ba0e\" data-element_type=\"widget\" data-e-type=\"widget\" data-widget_type=\"text-editor.default\">\n\t\t\t\t<div class=\"elementor-widget-container\">\n\t\t\t\t\t\t\t\t\t<p>En <strong>Biboesencias<\/strong>, creemos que cada detalle cuenta para contar vuestra historia. Por eso, queremos asegurarnos de que vuestras invitaciones reflejen todo lo que hace especial vuestro gran d\u00eda.<\/p><p>Una vez realizado el pedido, nuestro equipo se pondr\u00e1 en contacto contigo.\u00a0<\/p><p>Es muy importante recibir toda la informaci\u00f3n para poder trabajar correctamente. Por lo que nos adaptaremos a vuestras necesidades para recoger la informaci\u00f3n por el canal de comunicaci\u00f3n que sea m\u00e1s c\u00f3modo para vosotros.<\/p><p>\u00a0Aqu\u00ed tienes lo que necesitamos para empezar:<\/p><h4>Los datos m\u00e1s importantes<\/h4><p>Necesitaremos los detalles b\u00e1sicos: vuestros nombres, la fecha de la boda, el lugar de la celebraci\u00f3n&#8230; en definitiva, todo lo que personalice el dise\u00f1o original y hable de vosotros.<\/p><h4>Vuestra huella personal<\/h4><p>Si quer\u00e9is cambiar el texto del dise\u00f1o, \u00a1nos encantar\u00e1 recibirlo! Nuestro equipo se encargar\u00e1 de adaptarlo con mimo, siempre que se mantenga dentro de la estructura original y el n\u00famero aproximado de caracteres.<\/p><h4>Fotograf\u00edas con alma<\/h4><p>Si vuestra invitaci\u00f3n incluye fotograf\u00edas, m\u00e1ndanoslas por correo electr\u00f3nico a <strong><a rel=\"noopener\">soporte@biboesencias.es<\/a><\/strong>. Si pesan mucho, pod\u00e9is enviarlas a trav\u00e9s de plataformas como <a href=\"https:\/\/www.wetransfer.com\" target=\"_new\" rel=\"noopener\">WeTransfer<\/a>. Es muy importante que las im\u00e1genes tengan buena calidad, porque queremos que cada detalle brille como merece.<\/p><h4>Una primera mirada a vuestro dise\u00f1o<\/h4><p>En cuanto tengamos toda la informaci\u00f3n necesaria, nos pondremos manos a la obra. En un plazo de <strong>4 a 5 d\u00edas laborables<\/strong>, os enviaremos una vista previa de la invitaci\u00f3n por correo electr\u00f3nico. Este ser\u00e1 el momento para revisar cada detalle, proponernos modificaciones o darnos luz verde para seguir adelante.<br \/><strong>Tranquilos, nunca imprimiremos nada sin vuestro visto bueno.<\/strong><\/p><h4>Y\u2026 \u00a1todo listo para la magia!<\/h4><p>Una vez aprobado el dise\u00f1o, nuestro equipo de taller comenzar\u00e1 a trabajar con mucho cari\u00f1o en vuestras invitaciones. Os mantendremos informados por correo electr\u00f3nico sobre los tiempos de producci\u00f3n, que var\u00edan seg\u00fan el producto.<\/p><p>Cuando el pedido est\u00e9 listo, os avisaremos y en muy poquito tiempo lo tendr\u00e9is en casa, listo para sorprender a vuestros seres queridos y darles una peque\u00f1a muestra de lo especial que ser\u00e1 vuestro d\u00eda.<\/p><p>En <strong>Biboesencias<\/strong>, nos emociona ser parte de vuestra historia y crear algo \u00fanico para vosotros. \u2764\ufe0f<\/p>\t\t\t\t\t\t\t\t<\/div>\n\t\t\t\t<\/div>\n\t\t\t\t\t<\/div>\n\t\t<\/div>\n\t\t\t\t\t<\/div>\n\t\t<\/section>\n\t\t\t\t<section class=\"elementor-section elementor-top-section elementor-element elementor-element-3a2bc7fa elementor-section-boxed elementor-section-height-default elementor-section-height-default\" data-id=\"3a2bc7fa\" data-element_type=\"section\" data-e-type=\"section\">\n\t\t\t\t\t\t<div class=\"elementor-container elementor-column-gap-default\">\n\t\t\t\t\t<div class=\"elementor-column elementor-col-33 elementor-top-column elementor-element elementor-element-56342dfe\" data-id=\"56342dfe\" data-element_type=\"column\" data-e-type=\"column\">\n\t\t\t<div class=\"elementor-widget-wrap elementor-element-populated\">\n\t\t\t\t\t\t<div class=\"elementor-element elementor-element-3409d6dc elementor-widget elementor-widget-heading\" data-id=\"3409d6dc\" data-element_type=\"widget\" data-e-type=\"widget\" data-widget_type=\"heading.default\">\n\t\t\t\t<div class=\"elementor-widget-container\">\n\t\t\t\t\t<h4 class=\"elementor-heading-title elementor-size-default\">\u00bfTienes<\/h4>\t\t\t\t<\/div>\n\t\t\t\t<\/div>\n\t\t\t\t<div class=\"elementor-element elementor-element-2550995f elementor-widget elementor-widget-heading\" data-id=\"2550995f\" data-element_type=\"widget\" data-e-type=\"widget\" data-widget_type=\"heading.default\">\n\t\t\t\t<div class=\"elementor-widget-container\">\n\t\t\t\t\t<h4 class=\"elementor-heading-title elementor-size-default\">alguna duda<\/h4>\t\t\t\t<\/div>\n\t\t\t\t<\/div>\n\t\t\t\t<div class=\"elementor-element elementor-element-2a19952e elementor-widget elementor-widget-heading\" data-id=\"2a19952e\" data-element_type=\"widget\" data-e-type=\"widget\" data-widget_type=\"heading.default\">\n\t\t\t\t<div class=\"elementor-widget-container\">\n\t\t\t\t\t<h4 class=\"elementor-heading-title elementor-size-default\">m\u00e1s?<\/h4>\t\t\t\t<\/div>\n\t\t\t\t<\/div>\n\t\t\t\t\t<\/div>\n\t\t<\/div>\n\t\t\t\t<div class=\"elementor-column elementor-col-33 elementor-top-column elementor-element elementor-element-398bb208\" data-id=\"398bb208\" data-element_type=\"column\" data-e-type=\"column\">\n\t\t\t<div class=\"elementor-widget-wrap elementor-element-populated\">\n\t\t\t\t\t\t<div class=\"elementor-element elementor-element-436591b0 elementor-widget elementor-widget-image\" data-id=\"436591b0\" data-element_type=\"widget\" data-e-type=\"widget\" data-widget_type=\"image.default\">\n\t\t\t\t<div class=\"elementor-widget-container\">\n\t\t\t\t\t\t\t\t\t\t\t\t\t\t\t<img decoding=\"async\" width=\"1\" height=\"117\" src=\"https:\/\/biboesencias.es\/wp-content\/uploads\/2024\/12\/faq-divider-4.png\" class=\"attachment-full size-full wp-image-191\" alt=\"\" \/>\t\t\t\t\t\t\t\t\t\t\t\t\t\t\t<\/div>\n\t\t\t\t<\/div>\n\t\t\t\t\t<\/div>\n\t\t<\/div>\n\t\t\t\t<div class=\"elementor-column elementor-col-33 elementor-top-column elementor-element elementor-element-7fdb27d2\" data-id=\"7fdb27d2\" data-element_type=\"column\" data-e-type=\"column\">\n\t\t\t<div class=\"elementor-widget-wrap elementor-element-populated\">\n\t\t\t\t\t\t<div class=\"elementor-element elementor-element-5ceb86e6 elementor-widget elementor-widget-heading\" data-id=\"5ceb86e6\" data-element_type=\"widget\" data-e-type=\"widget\" data-widget_type=\"heading.default\">\n\t\t\t\t<div class=\"elementor-widget-container\">\n\t\t\t\t\t<h3 class=\"elementor-heading-title elementor-size-default\">Te ayudaremos<\/h3>\t\t\t\t<\/div>\n\t\t\t\t<\/div>\n\t\t\t\t<div class=\"elementor-element elementor-element-ae01bc6 elementor-align-left elementor-mobile-align-center elementor-widget elementor-widget-button\" data-id=\"ae01bc6\" data-element_type=\"widget\" data-e-type=\"widget\" data-widget_type=\"button.default\">\n\t\t\t\t<div class=\"elementor-widget-container\">\n\t\t\t\t\t\t\t\t\t<div class=\"elementor-button-wrapper\">\n\t\t\t\t\t<a class=\"elementor-button elementor-button-link elementor-size-md\" href=\"mailto:soporte@biboesencias.es\">\n\t\t\t\t\t\t<span class=\"elementor-button-content-wrapper\">\n\t\t\t\t\t\t\t\t\t<span class=\"elementor-button-text\">enviar mensaje<\/span>\n\t\t\t\t\t<\/span>\n\t\t\t\t\t<\/a>\n\t\t\t\t<\/div>\n\t\t\t\t\t\t\t\t<\/div>\n\t\t\t\t<\/div>\n\t\t\t\t\t<\/div>\n\t\t<\/div>\n\t\t\t\t\t<\/div>\n\t\t<\/section>\n\t\t\t\t<\/div>\n\t\t","protected":false},"excerpt":{"rendered":"<p>como personalizamos Descubre como damos vida a vuestros productos En Biboesencias, creemos que cada detalle cuenta para contar vuestra historia. [&hellip;]<\/p>\n","protected":false},"author":1,"featured_media":0,"parent":0,"menu_order":0,"comment_status":"closed","ping_status":"closed","template":"","meta":{"site-sidebar-layout":"no-sidebar","site-content-layout":"","ast-site-content-layout":"full-width-container","site-content-style":"default","site-sidebar-style":"default","ast-global-header-display":"","ast-banner-title-visibility":"","ast-main-header-display":"","ast-hfb-above-header-display":"","ast-hfb-below-header-display":"","ast-hfb-mobile-header-display":"","site-post-title":"disabled","ast-breadcrumbs-content":"","ast-featured-img":"disabled","footer-sml-layout":"","ast-disable-related-posts":"","theme-transparent-header-meta":"","adv-header-id-meta":"","stick-header-meta":"","header-above-stick-meta":"","header-main-stick-meta":"","header-below-stick-meta":"","astra-migrate-meta-layouts":"default","ast-page-background-enabled":"default","ast-page-background-meta":{"desktop":{"background-color":"var(--ast-global-color-4)","background-image":"","background-repeat":"repeat","background-position":"center center","background-size":"auto","background-attachment":"scroll","background-type":"","background-media":"","overlay-type":"","overlay-color":"","overlay-opacity":"","overlay-gradient":""},"tablet":{"background-color":"","background-image":"","background-repeat":"repeat","background-position":"center center","background-size":"auto","background-attachment":"scroll","background-type":"","background-media":"","overlay-type":"","overlay-color":"","overlay-opacity":"","overlay-gradient":""},"mobile":{"background-color":"","background-image":"","background-repeat":"repeat","background-position":"center center","background-size":"auto","background-attachment":"scroll","background-type":"","background-media":"","overlay-type":"","overlay-color":"","overlay-opacity":"","overlay-gradient":""}},"ast-content-background-meta":{"desktop":{"background-color":"var(--ast-global-color-5)","background-image":"","background-repeat":"repeat","background-position":"center center","background-size":"auto","background-attachment":"scroll","background-type":"","background-media":"","overlay-type":"","overlay-color":"","overlay-opacity":"","overlay-gradient":""},"tablet":{"background-color":"var(--ast-global-color-5)","background-image":"","background-repeat":"repeat","background-position":"center center","background-size":"auto","background-attachment":"scroll","background-type":"","background-media":"","overlay-type":"","overlay-color":"","overlay-opacity":"","overlay-gradient":""},"mobile":{"background-color":"var(--ast-global-color-5)","background-image":"","background-repeat":"repeat","background-position":"center center","background-size":"auto","background-attachment":"scroll","background-type":"","background-media":"","overlay-type":"","overlay-color":"","overlay-opacity":"","overlay-gradient":""}},"footnotes":""},"class_list":["post-439","page","type-page","status-publish","hentry"],"yoast_head":"<!-- This site is optimized with the Yoast SEO plugin v27.6 - https:\/\/yoast.com\/product\/yoast-seo-wordpress\/ -->\n<title>Como personalizamos - Papeler\u00eda de boda personalizada<\/title>\n<meta name=\"description\" content=\"Descubre como personalizamos todos nuestros elementos de papeler\u00eda de boda, comuniones y bautizos. Dise\u00f1amos todo de forma original.\" \/>\n<meta name=\"robots\" content=\"index, follow, max-snippet:-1, max-image-preview:large, max-video-preview:-1\" \/>\n<link rel=\"canonical\" href=\"https:\/\/biboesencias.es\/index.php\/como-personalizamos\/\" \/>\n<meta property=\"og:locale\" content=\"es_ES\" \/>\n<meta property=\"og:type\" content=\"article\" \/>\n<meta property=\"og:title\" content=\"Como personalizamos - Papeler\u00eda de boda personalizada\" \/>\n<meta property=\"og:description\" content=\"Descubre como personalizamos todos nuestros elementos de papeler\u00eda de boda, comuniones y bautizos. Dise\u00f1amos todo de forma original.\" \/>\n<meta property=\"og:url\" content=\"https:\/\/biboesencias.es\/index.php\/como-personalizamos\/\" \/>\n<meta property=\"og:site_name\" content=\"Papeler\u00eda de boda personalizada\" \/>\n<meta property=\"article:modified_time\" content=\"2025-01-26T23:05:32+00:00\" \/>\n<meta property=\"og:image\" content=\"https:\/\/biboesencias.es\/wp-content\/uploads\/2024\/12\/ornament3.png\" \/>\n\t<meta property=\"og:image:width\" content=\"185\" \/>\n\t<meta property=\"og:image:height\" content=\"14\" \/>\n\t<meta property=\"og:image:type\" content=\"image\/png\" \/>\n<meta name=\"twitter:card\" content=\"summary_large_image\" \/>\n<meta name=\"twitter:label1\" content=\"Tiempo de lectura\" \/>\n\t<meta name=\"twitter:data1\" content=\"3 minutos\" \/>\n<script type=\"application\/ld+json\" class=\"yoast-schema-graph\">{\"@context\":\"https:\\\/\\\/schema.org\",\"@graph\":[{\"@type\":\"WebPage\",\"@id\":\"https:\\\/\\\/biboesencias.es\\\/index.php\\\/como-personalizamos\\\/\",\"url\":\"https:\\\/\\\/biboesencias.es\\\/index.php\\\/como-personalizamos\\\/\",\"name\":\"Como personalizamos - Papeler\u00eda de boda personalizada\",\"isPartOf\":{\"@id\":\"https:\\\/\\\/biboesencias.es\\\/#website\"},\"primaryImageOfPage\":{\"@id\":\"https:\\\/\\\/biboesencias.es\\\/index.php\\\/como-personalizamos\\\/#primaryimage\"},\"image\":{\"@id\":\"https:\\\/\\\/biboesencias.es\\\/index.php\\\/como-personalizamos\\\/#primaryimage\"},\"thumbnailUrl\":\"https:\\\/\\\/biboesencias.es\\\/wp-content\\\/uploads\\\/2024\\\/12\\\/ornament3.png\",\"datePublished\":\"2025-01-19T07:07:01+00:00\",\"dateModified\":\"2025-01-26T23:05:32+00:00\",\"description\":\"Descubre como personalizamos todos nuestros elementos de papeler\u00eda de boda, comuniones y bautizos. Dise\u00f1amos todo de forma original.\",\"breadcrumb\":{\"@id\":\"https:\\\/\\\/biboesencias.es\\\/index.php\\\/como-personalizamos\\\/#breadcrumb\"},\"inLanguage\":\"es\",\"potentialAction\":[{\"@type\":\"ReadAction\",\"target\":[\"https:\\\/\\\/biboesencias.es\\\/index.php\\\/como-personalizamos\\\/\"]}]},{\"@type\":\"ImageObject\",\"inLanguage\":\"es\",\"@id\":\"https:\\\/\\\/biboesencias.es\\\/index.php\\\/como-personalizamos\\\/#primaryimage\",\"url\":\"https:\\\/\\\/biboesencias.es\\\/wp-content\\\/uploads\\\/2024\\\/12\\\/ornament3.png\",\"contentUrl\":\"https:\\\/\\\/biboesencias.es\\\/wp-content\\\/uploads\\\/2024\\\/12\\\/ornament3.png\",\"width\":185,\"height\":14},{\"@type\":\"BreadcrumbList\",\"@id\":\"https:\\\/\\\/biboesencias.es\\\/index.php\\\/como-personalizamos\\\/#breadcrumb\",\"itemListElement\":[{\"@type\":\"ListItem\",\"position\":1,\"name\":\"Home\",\"item\":\"https:\\\/\\\/biboesencias.es\\\/\"},{\"@type\":\"ListItem\",\"position\":2,\"name\":\"Como personalizamos\"}]},{\"@type\":\"WebSite\",\"@id\":\"https:\\\/\\\/biboesencias.es\\\/#website\",\"url\":\"https:\\\/\\\/biboesencias.es\\\/\",\"name\":\"Papeler\u00eda de boda personalizada\",\"description\":\"Papeler\u00eda de boda personalizada\",\"publisher\":{\"@id\":\"https:\\\/\\\/biboesencias.es\\\/#organization\"},\"potentialAction\":[{\"@type\":\"SearchAction\",\"target\":{\"@type\":\"EntryPoint\",\"urlTemplate\":\"https:\\\/\\\/biboesencias.es\\\/?s={search_term_string}\"},\"query-input\":{\"@type\":\"PropertyValueSpecification\",\"valueRequired\":true,\"valueName\":\"search_term_string\"}}],\"inLanguage\":\"es\"},{\"@type\":\"Organization\",\"@id\":\"https:\\\/\\\/biboesencias.es\\\/#organization\",\"name\":\"Papeler\u00eda de boda personalizada\",\"url\":\"https:\\\/\\\/biboesencias.es\\\/\",\"logo\":{\"@type\":\"ImageObject\",\"inLanguage\":\"es\",\"@id\":\"https:\\\/\\\/biboesencias.es\\\/#\\\/schema\\\/logo\\\/image\\\/\",\"url\":\"https:\\\/\\\/biboesencias.es\\\/wp-content\\\/uploads\\\/2025\\\/01\\\/cropped-ENTERO-ALARGADO-.png\",\"contentUrl\":\"https:\\\/\\\/biboesencias.es\\\/wp-content\\\/uploads\\\/2025\\\/01\\\/cropped-ENTERO-ALARGADO-.png\",\"width\":1158,\"height\":468,\"caption\":\"Papeler\u00eda de boda personalizada\"},\"image\":{\"@id\":\"https:\\\/\\\/biboesencias.es\\\/#\\\/schema\\\/logo\\\/image\\\/\"}}]}<\/script>\n<!-- \/ Yoast SEO plugin. -->","yoast_head_json":{"title":"Como personalizamos - Papeler\u00eda de boda personalizada","description":"Descubre como personalizamos todos nuestros elementos de papeler\u00eda de boda, comuniones y bautizos. Dise\u00f1amos todo de forma original.","robots":{"index":"index","follow":"follow","max-snippet":"max-snippet:-1","max-image-preview":"max-image-preview:large","max-video-preview":"max-video-preview:-1"},"canonical":"https:\/\/biboesencias.es\/index.php\/como-personalizamos\/","og_locale":"es_ES","og_type":"article","og_title":"Como personalizamos - Papeler\u00eda de boda personalizada","og_description":"Descubre como personalizamos todos nuestros elementos de papeler\u00eda de boda, comuniones y bautizos. Dise\u00f1amos todo de forma original.","og_url":"https:\/\/biboesencias.es\/index.php\/como-personalizamos\/","og_site_name":"Papeler\u00eda de boda personalizada","article_modified_time":"2025-01-26T23:05:32+00:00","og_image":[{"width":185,"height":14,"url":"https:\/\/biboesencias.es\/wp-content\/uploads\/2024\/12\/ornament3.png","type":"image\/png"}],"twitter_card":"summary_large_image","twitter_misc":{"Tiempo de lectura":"3 minutos"},"schema":{"@context":"https:\/\/schema.org","@graph":[{"@type":"WebPage","@id":"https:\/\/biboesencias.es\/index.php\/como-personalizamos\/","url":"https:\/\/biboesencias.es\/index.php\/como-personalizamos\/","name":"Como personalizamos - Papeler\u00eda de boda personalizada","isPartOf":{"@id":"https:\/\/biboesencias.es\/#website"},"primaryImageOfPage":{"@id":"https:\/\/biboesencias.es\/index.php\/como-personalizamos\/#primaryimage"},"image":{"@id":"https:\/\/biboesencias.es\/index.php\/como-personalizamos\/#primaryimage"},"thumbnailUrl":"https:\/\/biboesencias.es\/wp-content\/uploads\/2024\/12\/ornament3.png","datePublished":"2025-01-19T07:07:01+00:00","dateModified":"2025-01-26T23:05:32+00:00","description":"Descubre como personalizamos todos nuestros elementos de papeler\u00eda de boda, comuniones y bautizos. Dise\u00f1amos todo de forma original.","breadcrumb":{"@id":"https:\/\/biboesencias.es\/index.php\/como-personalizamos\/#breadcrumb"},"inLanguage":"es","potentialAction":[{"@type":"ReadAction","target":["https:\/\/biboesencias.es\/index.php\/como-personalizamos\/"]}]},{"@type":"ImageObject","inLanguage":"es","@id":"https:\/\/biboesencias.es\/index.php\/como-personalizamos\/#primaryimage","url":"https:\/\/biboesencias.es\/wp-content\/uploads\/2024\/12\/ornament3.png","contentUrl":"https:\/\/biboesencias.es\/wp-content\/uploads\/2024\/12\/ornament3.png","width":185,"height":14},{"@type":"BreadcrumbList","@id":"https:\/\/biboesencias.es\/index.php\/como-personalizamos\/#breadcrumb","itemListElement":[{"@type":"ListItem","position":1,"name":"Home","item":"https:\/\/biboesencias.es\/"},{"@type":"ListItem","position":2,"name":"Como personalizamos"}]},{"@type":"WebSite","@id":"https:\/\/biboesencias.es\/#website","url":"https:\/\/biboesencias.es\/","name":"Papeler\u00eda de boda personalizada","description":"Papeler\u00eda de boda personalizada","publisher":{"@id":"https:\/\/biboesencias.es\/#organization"},"potentialAction":[{"@type":"SearchAction","target":{"@type":"EntryPoint","urlTemplate":"https:\/\/biboesencias.es\/?s={search_term_string}"},"query-input":{"@type":"PropertyValueSpecification","valueRequired":true,"valueName":"search_term_string"}}],"inLanguage":"es"},{"@type":"Organization","@id":"https:\/\/biboesencias.es\/#organization","name":"Papeler\u00eda de boda personalizada","url":"https:\/\/biboesencias.es\/","logo":{"@type":"ImageObject","inLanguage":"es","@id":"https:\/\/biboesencias.es\/#\/schema\/logo\/image\/","url":"https:\/\/biboesencias.es\/wp-content\/uploads\/2025\/01\/cropped-ENTERO-ALARGADO-.png","contentUrl":"https:\/\/biboesencias.es\/wp-content\/uploads\/2025\/01\/cropped-ENTERO-ALARGADO-.png","width":1158,"height":468,"caption":"Papeler\u00eda de boda personalizada"},"image":{"@id":"https:\/\/biboesencias.es\/#\/schema\/logo\/image\/"}}]}},"_links":{"self":[{"href":"https:\/\/biboesencias.es\/index.php\/wp-json\/wp\/v2\/pages\/439","targetHints":{"allow":["GET"]}}],"collection":[{"href":"https:\/\/biboesencias.es\/index.php\/wp-json\/wp\/v2\/pages"}],"about":[{"href":"https:\/\/biboesencias.es\/index.php\/wp-json\/wp\/v2\/types\/page"}],"author":[{"embeddable":true,"href":"https:\/\/biboesencias.es\/index.php\/wp-json\/wp\/v2\/users\/1"}],"replies":[{"embeddable":true,"href":"https:\/\/biboesencias.es\/index.php\/wp-json\/wp\/v2\/comments?post=439"}],"version-history":[{"count":7,"href":"https:\/\/biboesencias.es\/index.php\/wp-json\/wp\/v2\/pages\/439\/revisions"}],"predecessor-version":[{"id":755,"href":"https:\/\/biboesencias.es\/index.php\/wp-json\/wp\/v2\/pages\/439\/revisions\/755"}],"wp:attachment":[{"href":"https:\/\/biboesencias.es\/index.php\/wp-json\/wp\/v2\/media?parent=439"}],"curies":[{"name":"wp","href":"https:\/\/api.w.org\/{rel}","templated":true}]}}